 - 18 = 0. Let t = 29 + r. What is the remainder when -4*(-1 - (-2 + 11)) is divided by t?
12
Let k = 22 + -13. What is the remainder when 24 is divided by k?
6
Let b = 80 - 30. Calculate the remainder when b is divided by 9.
5
Suppose 0 = -5*t + 3*u + 154, 4*t - 138 = -0*u - 5*u. Suppose 3*y = -y + t. What is the remainder when 14 is divided by y?
6
Suppose -q + 14 = -8. What is the remainder when 63 is divided by q?
19
Let h = 5 - 12. Let x(l) = -l**3 - 7*l**2 - 2*l - 9. Let w be x(h). Suppose -6 = 3*a - w*s - 58, -a + 20 = -3*s. What is the remainder when 27 is divided by a?
13
Let n = 4 - -1. Let h be (-579)/(-5) - (-1)/5. Suppose -h = d - n*d. Calculate the remainder when d is divided by 10.
9
Let b = 8 + 26. Let h be ((-16)/(-10))/(5/50). Calculate the remainder when b is divided by ((-18)/(-8))/(3/h).
10
Suppose 2 - 25 = -3*v - 5*w, -5*w + 29 = 4*v. Suppose f - v = 4. What is the remainder when 18 is divided by f?
8
Let s(m) = -m**3 - 15*m**2 - 14*m + 9. Suppose 2*u + 2*u = -56. Calculate the remainder when s(u) is divided by 3.
0
Suppose 36 = 4*w + 4. Calculate the remainder when 29 is divided by w.
5
Suppose -n + 0*n = 0. Let p = n - -4. Let o = -4 + 11. What is the remainder when o is divided by p?
3
Let k(g) = 2*g**3 + 14*g**2 - 16*g + 3. What is the remainder when 31 is divided by k(-8)?
1
Let d = 28 + -58. Let x be (-122)/14 - 4/14. Let c = x - d. What is the remainder when c is divided by 11?
10
Suppose g = 6*g - 45. Calculate the remainder when 34 is divided by g.
7
Suppose x = 5*k + 39, x - k + 8 - 47 = 0. Calculate the remainder when x is divided by 21.
18
Suppose -o + 21 - 10 = 0. What is the remainder when 74 is divided by o?
8
Suppose -5*k + 28 = -5*h - 4*k, 5*k - 5 = -2*h. Let d be 2/h - (-23)/(-5). Let b = 11 - d. Calculate the remainder when 31 is divided by b.
15
Let t = -37 + 70. What is the remainder when t is divided by 12?
9
Let l = 10 - 7. What is the remainder when l is divided by 6 - ((5 - -1) + -2)?
1
Suppose -5*j + 149 = 4*v, 2*v = 4*v + 5*j - 77. Suppose -4*z + v = -0*z. What is the remainder when 33 is divided by z?
6
Calculate the remainder when 54 is divided by -3 + (-21)/(-2) + (-1)/2.
5
Let p(i) = -6*i + 4. What is the remainder when p(-14) is divided by 24?
16
Suppose -5*j - 53 = 3*z - 162, -2*z + 3*j + 98 = 0. Calculate the remainder when z is divided by 11.
10
Suppose 2*x - 39 = w - 2, -5*x = -2*w - 95. Calculate the remainder when x is divided by 11.
10
Suppose -3*r + 3*w = -18, 0*w - 5*w = r. What is the remainder when 7 is divided by r?
2
Let o(p) = p - 2 - 1 + 7. Suppose 3*r - 8*r + 20 = 0. Calculate the remainder when 22 is divided by o(r).
6
Suppose 0 = -2*i + 95 + 69. What is the remainder when i is divided by 12?
10
Let i be (2 + -1)/((-8)/(-216)). Suppose -o + 13 = 2*n, 5*n + 4*o - i = 4. Let p(v) = v**2 + 4. What is the remainder when p(3) is divided by n?
6
Let p = 30 - 4. Calculate the remainder when 153 is divided by p.
23
Suppose 0*o = 2*o + 2. Let t = -71 - -101. What is the remainder when t is divided by 9 - (o + 3 + -1)?
6
Suppose -4*d - 4*x + 12 = 0, 0*x = -5*x + 5. Suppose 68 + 48 = d*c. Suppose -c = -0*k - 2*k. Calculate the remainder when k is divided by 15.
14
Suppose -5*r + 2*r + 18 = 0. Suppose -110 = -r*y + 28. Calculate the remainder when y is divided by 8.
7
Let a be 2*((-3)/(-1) - -1). Suppose -4*p = -3*p - 11. Calculate the remainder when p is divided by 50/a + (-2)/8.
5
Suppose 2*p - 32 = 22. Suppose -5*i - z + 72 = 0, 2*z + 18 + 48 = 5*i. Calculate the remainder when p is divided by i.
13
Let h = 51 - 41. Calculate the remainder when 48 is divided by h.
8
Let p = -8 + 13. Calculate the remainder when 60/8*12/p is divided by 3/(8 + -2)*14.
4
Suppose 63*z - 66*z + 72 = 0. What is the remainder when z is divided by 13?
11
Let v = -29 - -59. Calculate the remainder when v is divided by 12.
6
Let f be 20/15 - (-4)/6. Suppose -4*y + 25 = -5*a - y, -y - 21 = f*a. Let j(i) = -3*i - 11. Calculate the remainder when j(a) is divided by 5.
3
Let w = 21 - 14. Let c be 9/(-21) + (-124)/(-28). Suppose -c*s + 107 = 31. Calculate the remainder when s is divided by w.
5
Suppose k + 6*h = 2*h + 7, -5*k + 3*h - 11 = 0. Let s be ((-8)/10)/(k/(-5)). Calculate the remainder when 2/s*2 + 35 is divided by 18.
16
Let x(b) = -4*b**2 - 3*b + 1. Let r be x(3). Let f = 74 + r. Calculate the remainder when f is divided by (-2)/(((-1)/4)/1).
6
Suppose -26 = -2*j - 2. Let q(v) = v**3 - 2*v**2 + v + 1. Let y be q(2). Suppose y*t + t = 88. Calculate the remainder when t is divided by j.
10
Suppose -3*f - 2*f = p - 65, 3*f - 4*p = 16. What is the remainder when 34 is divided by f?
10
Suppose f - 4*f = 12. Let l = f - -6. Suppose -2*o + 5*n = -4*o + 40, -5*o + 79 = l*n. Calculate the remainder when 44 is divided by o.
14
Suppose 4*l + 2*x = 3*l + 10, -x - 5 = 0. What is the remainder when l is divided by 62/6 + (-2)/(-3)?
9
Let n(i) = 7*i**2 - 1. Let d be n(1). Suppose -2*r - 88 = -d*r. What is the remainder when 63 is divided by r?
19
Let w = 4 + -1. Let k(j) = -2*j + 1. Calculate the remainder when k(-2) is divided by w.
2
Calculate the remainder when 61 is divided by (-170)/(-8) - (-2)/(-8).
19
Let q(y) = y + 7. What is the remainder when 42 is divided by q(4)?
9
Suppose 2*s = s. Suppose s = r - 3*r + 58. Calculate the remainder when r is divided by 8.
5
Suppose -6*i = -91 - 149. Calculate the remainder when i is divided by 22.
18
Suppose 5*n + 3 = 2*n, 2*n = 4*w - 322. Calculate the remainder when 1/(-2)*-4 + w is divided by 14.
12
Let j(i) = -16*i**3 + 2*i + 1. Suppose -2*t = -2 + 4. Suppose 3*q - 15 = 0, a - 13 - 55 = -5*q. Calculate the remainder when a is divided by j(t).
13
Suppose 5*b + 3*j = 33 + 42, -b + 5*j = -43. Calculate the remainder when 53 is divided by b.
17
Suppose 0 = 4*x + 2*f - 290, 0 = 5*x - 3*f - 153 - 182. Let d = 136 + -118. Calculate the remainder when x is divided by d.
16
Let z = 64 + -41. Calculate the remainder when z is divided by 6.
5
Let o(l) = -l**3 - 7*l**2 - 5*l + 4. Let r be o(-6). Let g = -4 - r. Let x = 18 - g. What is the remainder when x is divided by 7?
6
Let d be (1/2)/((-1)/(-2)). Let n be d*(0 + 2 + -8). Let w = n - -9. What is the remainder when w is divided by 2?
1
Let j(h) = -h**2 + h + 3. Let o(v) = -v**3 + 4*v**2 - 3*v + 3. Let c be o(3). Suppose -c = -b + 4. What is the remainder when b is divided by j(0)?
1
Let o = 77 - 54. Suppose 3*v - 2*i = 121, -3*i + 59 = 4*v - 125. Calculate the remainder when v is divided by o.
20
Let o(s) = s**3 + 8*s**2 + 3*s + 4. Let v = -93 + 113. Calculate the remainder when o(-6) is divided by v.
18
Suppose -7*f + 18 + 87 = 0. What is the remainder when 58 is divided by f?
13
Let j be 6/(-4) + 3/2. Let r(d) = d**2 - d + 15. What is the remainder when 43 is divided by r(j)?
13
Suppose 0 = -2*l + 4*l - 12. Let f(a) = -2*a - 21. Let u be f(-9). What is the remainder when 16 is divided by (l - 3)/((-1)/u)?
7
Suppose -3*v + 2 = -2*v. Suppose -2*i + 24 = v*s, -1 = 2*s - 4*i - 7. Suppose -s - 11 = -4*m. What is the remainder when m is divided by 2?
1
Suppose 0 = 5*c - 3*c - 24. Let n = -37 + 66. Let q = 51 - n. Calculate the remainder when q is divided by c.
10
Suppose -16 = -4*s - 3*g + 5*g, 2*s - 3*g - 8 = 0. Suppose 5*f + 4*j - 25 = 0, -3*f + s*j = 11 - 58. What is the remainder when 26 is divided by f?
8
Suppose v - 3 = -0. Let q(b) = b - b**2 + v - 3 - 7*b**3 + 1. Calculate the remainder when 16 is divided by q(-1).
4
Let r(m) = -m**2 + 6*m + 9. Let o = -20 + 6. Let f = 21 + o. What is the remainder when 2 is divided by r(f)?
0
Let i(w) = w**3 + 4*w**2 - 7*w. Let z be i(-5). Let h = 13 - z. Suppose h*x = -2*s + 14, 6*s = s - 25. Calculate the remainder when 22 is divided by x.
6
Let i(s) = -s**2 + 12*s - 3. What is the remainder when 3/(-5) - (-39833)/305 is divided by i(6)?
31
Suppose -15*j + 287 + 658 = 0. Calculate the remainder when j is divided by 33.
30
Let t = -18 - -13. Let h(y) = -4*y + 5. Calculate the remainder when h(t) is divided by 13.
12
Suppose 0 = -3*j + 7 - 22, 184 = 4*m - 4*j. Let h = 58 - m. What is the remainder when h is divided by 6?
5
Let g = -8 + 31. Let z = 0 + 0. Suppose -3*o + 25 + 11 = z. Calculate the remainder when g is divided by o.
11
Let p be (6/7)/(3/(-21)). Suppose -4*x + 13 = -51. What